
False
Is 15219454631 prime?
True
Is 1521594799 a composite number?
True
Is 18278049107 composite?
True
Is 50036270351 a composite number?
False
Is 1253336131 a composite number?
False
Is 2228504099 prime?
False
Is 3590904337 a composite number?
True
Is 13907290121 prime?
True
Is 264937549 a prime number?
True
Is 5878134349 a composite number?
True
Is 3548954743 a prime number?
False
Is 890754307 prime?
True
Is 60257070347 prime?
True
Is 3114542059 composite?
False
Is 494842633 a prime number?
True
Is 21695438081 a prime number?
True
Is 330227791 prime?
False
Is 143781221 prime?
True
Is 3071616419 composite?
False
Is 23021994511 a prime number?
True
Is 2498683067 a composite number?
True
Is 824468341 prime?
False
Is 3436871041 composite?
False
Is 54516115741 a composite number?
False
Is 1966265111 prime?
True
Is 120720081 composite?
True
Is 972644363 a composite number?
False
Is 3020935831 composite?
True
Is 2221080893 prime?
True
Is 185804351 a composite number?
False
Is 42024924791 a composite number?
True
Is 4231740817 prime?
True
Is 55979167147 a prime number?
False
Is 54372691 composite?
False
Is 19950144289 a prime number?
True
Is 15036737509 composite?
True
Is 4791330007 a composite number?
False
Is 735692519 a composite number?
True
Is 7304278627 prime?
False
Is 2490145379 a prime number?
False
Is 217669097 a prime number?
False
Is 1793604311 a prime number?
False
Is 6949694021 composite?
True
Is 94921363 a prime number?
True
Is 2149059019 prime?
True
Is 41039617 a prime number?
True
Is 24007242031 prime?
False
Is 18264454795 a prime number?
False
Is 593042794 prime?
False
Is 2873189687 prime?
True
Is 22695307521 a prime number?
False
Is 17243593462 prime?
False
Is 19953182299 a prime number?
False
Is 9069770893 composite?
False
Is 72374342561 a composite number?
False
Is 38742872209 a composite number?
True
Is 15338697379 prime?
False
Is 28894941211 a prime number?
False
Is 13842231035 a prime number?
False
Is 9739152341 a composite number?
True
Is 605994742 a composite number?
True
Is 293159239 composite?
False
Is 1854041989 prime?
True
Is 2459301451 composite?
True
Is 574683937 a prime number?
False
Is 2966781953 a prime number?
False
Is 2731926437 prime?
True
Is 215991526187 composite?
False
Is 47186894441 a composite number?
True
Is 47785338113 a composite number?
True
Is 28068768659 a composite number?
True
Is 132162219977 a composite number?
False
Is 150451459039 a prime number?
False
Is 7190948839 a prime number?
True
Is 10740446791 a composite number?
True
Is 163958299 composite?
True
Is 627927593 composite?
True
Is 3252586531 a composite number?
True
Is 351136507 a composite number?
False
Is 3068243023 composite?
True
Is 6760920703 prime?
False
Is 32672523241 a prime number?
True
Is 399500467 a composite number?
True
Is 3746830681 a prime number?
False
Is 122407215389 a composite number?
True
Is 7846881997 prime?
True
Is 6315984611 a composite number?
True
Is 3034571986 composite?
True
Is 302762237 composite?
False
Is 272813993 a prime number?
True
Is 3580405747 composite?
False
Is 1366635679 a prime number?
True
Is 544020979 a composite number?
False
Is 1837563881 a composite number?
True
Is 1033470539 composite?
False
Is 9926358077 composite?
False
Is 401156221 a prime number?
False
Is 1000770443 prime?
True
Is 244087969 prime?
True
Is 7099288933 prime?
False
Is 503970455801 a prime number?
True
Is 32837227 prime?
True
Is 1248299047 a prime number?
False
Is 125538463 composite?
True
Is 1577109913 composite?
False
Is 1123615487 a composite number?
False
Is 94103651183 a prime number?
True
Is 55353337063 composite?
True
Is 12328091051 composite?
False
Is 20661184109 a prime number?
True
Is 3249393607 composite?
False
Is 2726150883 composite?
True
Is 6272283529 a composite number?
True
Is 112128277 a prime number?
False
Is 1243679867 a prime number?
False
Is 586623853 composite?
True
Is 1872380411 a composite number?
True
Is 15942570541 a composite number?
True
Is 17235892067 a composite number?
False
Is 2334960022 a composite number?
True
Is 6887011561 a composite number?
False
Is 14756295497 a composite number?
True
Is 16165165597 a composite number?
True
Is 31858778429 a prime number?
False
Is 895705127 a composite number?
False
Is 299833422335 prime?
False
Is 31252852223 composite?
False
Is 20185944113 a composite number?
False
Is 32488176239 a prime number?
True
Is 603951559 a prime number?
False
Is 7005966673 composite?
False
Is 72776089 composite?
False
Is 23229549529 a composite number?
False
Is 8625861987 prime?
False
Is 106622431 a composite number?
True
Is 2056252747 a composite number?
False
Is 148121791 prime?
False
Is 27483096946 prime?
False
Is 1058718721 a composite number?
True
Is 3226503451 composite?
False
Is 3065483353 composite?
True
Is 14638792577 a prime number?
True
Is 108388937369 a composite number?
False
Is 46899739609 a prime number?
True
Is 5557140973 prime?
True
Is 6083928571 composite?
True
Is 526337993785 composite?
True
Is 863232383 composite?
True
Is 477578459 prime?
True
Is 2922093085 a prime number?
False
Is 4851785383 a composite number?
False
Is 1126509551 prime?
False
Is 10261233893 prime?
True
Is 9052943311 composite?
True
Is 631769561 composite?
True
Is 15108210473 composite?
False
Is 787857181 composite?
True
Is 342950191 a composite number?
False
Is 45070867217 a composite number?
False
Is 311159729 prime?
False
Is 694465493 a composite number?
True
Is 478758733 a prime number?
True
Is 39565292021 a prime number?
True
Is 721914703 prime?
False
Is 3066329537 a composite number?
True
Is 239978867 composite?
False
Is 107321087 a prime number?
False
Is 371038799 a composite number?
True
Is 115961422439 a prime number?
True
Is 2470562999 prime?
True
Is 19158148469 a prime number?
True
Is 802204849 prime?
True
Is 340471247 a composite number?
False
Is 9057940921 composite?
False
Is 6846736993 a prime number?
True
Is 149228196239 prime?
True
Is 33836555 a prime number?
False
Is 1072699442 prime?
False
Is 172976643187 a composite number?
True
Is 10818386507 a composite number?
True
Is 206849738141 a prime number?
True
Is 371909723 a composite number?
False
Is 192364853 prime?
True
Is 156668333149 prime?
False
Is 2018880439 prime?
True
Is 6819921191 composite?
True
Is 40229745929 a composite number?
True
Is 1559790649 a prime number?
True
Is 155133824317 prime?
False
Is 6832102861 a prime number?
False
Is 692350511 prime?
False
Is 3983285699 composite?
True
Is 1237054421 a composite number?
True
Is 5420821151 composite?
False
Is 1375006205 composite?
True
Is 82091263 composite?
True
Is 1013398697 a prime number?
True
Is 798342971 prime?
False
Is 2427959129 composite?
True
Is 1960945219 a composite number?
False
Is 815723141 prime?
False
Is 33031377877 prime?
False
Is 6632940521 a composite number?
True
Is 829835879 a prime number?
True
Is 2610504613 prime?
True
Is 6390934987 prime?
False
Is 7121172973 a composite number?
True
Is 443619351023 a composite number?
True
Is 7294444561 composite?
False
Is 12740283483 a composite number?
True
Is 118554437 a prime number?
True
Is 16325499439 composite?
False
Is 2402825009 a composite number?
True
Is 167697041 composite?
False
Is 3861641347 a prime number?
True
Is 14335807 prime?
True
Is 4245499915 prime?
False
Is 67662407 composite?
False
Is 1317435719 a prime number?
True
Is 520896729 a composite number?
True
Is 5119950929 prime?
False
Is 314123791 a prime number?
True
Is 145786327 a prime number?
False
Is 77468310539 a composite number?
False
Is 47556239 a prime number?
True
Is 29670544139 prime?
False
Is 1640622493 composite?
False
Is 6206393917 a composite number?
False
Is 1098978149 composite?
True
Is 22910852109 a composite number?
True
Is 245070691 prime?
False
Is 209358029 a composite number?
True
Is 13887034111 a composite number?
False
Is 5961449729 a prime number?
True
Is 2691750029 prime?
False
Is 1186225781 a prime number?
False
Is 35118572023 a composite number?
False
Is 1617905173 a composite number?
True
Is 175009138 composite?
True
Is 21531957101 a composite number?
True
Is 33461582549 a composite number?
True
Is 1636158351 prime?
False
Is 131021699 a prime number?
False
Is 56153649521 composite?
False
Is 14168932207 a prime numb